 of m.
2
Let p(n) = n**3 - 2*n**2 + 3*n - 3. Let a be p(2). List the prime factors of -146*(a - (-28)/(-8)).
73
Let h = 3 - 4. Let b be ((-24)/(-10))/(1 - 117/135). Let k = h + b. List the prime factors of k.
17
Let j(c) = 7*c - 4. Suppose 7 = i + 1. Let k be j(i). Suppose -3*u - k = -f, -3*f - 2*u + 70 = -0*u. List the prime factors of f.
2, 13
Suppose k = 10 + 42. Let d = k + -35. Let a = d + -9. What are the prime factors of a?
2
Suppose -53 + 1115 = 3*k. List the prime factors of k.
2, 3, 59
Suppose -5*l = -2*l + 5*b - 14, 4*l = -3*b + 15. Suppose -k - 55 = -0*k - 5*s, 129 = -l*k - 3*s. Let t = 75 + k. List the prime factors of t.
2, 3, 5
Suppose -12*t + 15 = -7*t. Suppose m - t = -2*c, m - 2*c - 25 + 2 = 0. What are the prime factors of m?
13
Suppose -127 - 243 = 5*n. Let r = -1 - n. Suppose 4*h = -3*j + r, j = -3*h + 2*j + 58. List the prime factors of h.
19
Let t(q) = 8*q**3 - 11*q**2 + 19*q - 18. List the prime factors of t(7).
2, 5, 29
Suppose 16 = -0*l - 4*l. Let g = 5 + l. What are the prime factors of 12/(-4) + (22 - g)?
2, 3
Let r = -77 - -118. Let c = r + -29. Suppose 44 = -10*a + c*a. List the prime factors of a.
2, 11
Let b = 361 + -149. Suppose 3*t - b = -g + 75, -3*g = 12. List the prime factors of t.
97
Let j be (-2)/4*4*-1. Suppose 6*n = j*n. Suppose -3*w + 31 + 62 = n. What are the prime factors of w?
31
Let z be (-35)/(-3) + 8/24. Suppose z = -w - m + 358, -4*m - 1721 = -5*w. List the prime factors of w.
3, 5, 23
Suppose 3*t - t - 11 = -3*l, 0 = -3*t - l + 13. Suppose 2*r - t = 4*f + 7*r, -2*r = 0. Let z = f - -3. What are the prime factors of z?
2
Let y(s) = 3*s**2 - 6*s. Suppose -8*j + 6 = -7*j. Let n be y(j). Let r = -43 + n. List the prime factors of r.
29
Let q be (-712)/(-20) - 9/15. Let u = -32 + q. List the prime factors of u.
3
Suppose d = -3*l + 505, 5*l - 420 = -4*d + 424. What are the prime factors of 12/(-3) + l + -2?
2, 3
List the prime factors of 12/(-186) + (-1252730)/(-310).
3, 449
Let h(s) = 6*s**2 - s. Let q = 4 - 5. Let o be h(q). Suppose -13 - 22 = -o*i. What are the prime factors of i?
5
Suppose -96*z + 94*z + 2308 = 0. What are the prime factors of z?
2, 577
Let f = -169 + 1796. List the prime factors of f.
1627
Let w = 54 + -27. Suppose -3*s - 6 = 0, -w = -4*y - 3*s + 255. What are the prime factors of y?
2, 3
Let y(v) = -33*v + 1. Suppose -7*a + 3*a + 8 = 0. Let r be (-5 - -3)*a/4. List the prime factors of y(r).
2, 17
Let u(z) = -z**3 - 8*z**2 - 7*z - 4. Let q be u(-8). Suppose -4*j - 72 = d + 53, j = 5*d - 5. Let v = q + j. List the prime factors of v.
2, 11
Let g(h) = -2 + 73*h**3 - 3*h**2 - 2 + 6 - 18*h**3. List the prime factors of g(1).
2, 3
Let w = -24 + 3. Let m be (-52)/65 - w/(-5). Let s = m - -26. What are the prime factors of s?
3, 7
Let z(q) = -69*q - 247. List the prime factors of z(-9).
2, 11, 17
Suppose 910 - 3550 = -8*j. List the prime factors of j.
2, 3, 5, 11
Suppose 16 = -3*b - b. Let r = 4 + b. Suppose -6 = -3*k - r. What are the prime factors of k?
2
Suppose -4*f + 4 = 16. Let v(k) = -k**2 - 5*k. Let s be v(-4). What are the prime factors of s + 0 - (-1 - f)?
2
Let k be ((-14)/(-6))/(6/18). Let t(m) = m**3 - 5*m**2 - 7*m - 3. What are the prime factors of t(k)?
2, 23
Let c(b) = 4*b**3 - b**2 - 3*b + 2. Let z = -4 + 7. List the prime factors of c(z).
2, 23
Let u = 452 + 2335. List the prime factors of u.
3, 929
Suppose -3*o = 0, -3*h - 2*o - 3*o + 312 = 0. What are the prime factors of -12 + h - 4*1?
2, 11
Let a = -1 - -4. Suppose 0*g + 4*i = g - 43, 3*g + a*i - 99 = 0. List the prime factors of g.
5, 7
Suppose -16*t + 9934 = 2894. List the prime factors of t.
2, 5, 11
Let a be 2/14 - 72/(-84). Let s(x) = -5*x**3 - 2*x**2 + 1. Let k be s(a). Let o = k + 21. List the prime factors of o.
3, 5
Let d(c) = 2*c**2 - 49. Let j be d(0). Let t = j + 55. List the prime factors of t.
2, 3
Suppose 6*t - 9*t + 471 = 3*k, 4*t - k = 628. What are the prime factors of t?
157
List the prime factors of (-49)/7 - -835 - 9.
3, 7, 13
Suppose -8 - 7 = s. Let q(k) = -k**2 + 10*k - 4. Let g be q(8). What are the prime factors of (s/g)/(2/(-48))?
2, 3, 5
What are the prime factors of (9584/(-32))/(1/(-2))?
599
Suppose 7*o + 1040 = 3*o. What are the prime factors of o/(-10) + (0 - -1)?
3
Let n = -1 + 25. Let x be ((-3)/(-2))/(n/32). What are the prime factors of (-3 - (0 - x))*-42?
2, 3, 7
Let n(u) = 3*u**3 + 21*u**2 + 5*u + 6. Let r be n(-6). Suppose -7*g + r = 14. List the prime factors of g.
2, 5
Let t = 26 + -23. Suppose 2*i - 4 = p - 0, -32 = -t*i - 5*p. Suppose 2*v - 164 = -2*v + 5*a, 123 = 3*v + i*a. List the prime factors of v.
41
Let r = -2842 + 6194. What are the prime factors of r?
2, 419
Let g(a) = -a**2 - 8*a - 12. Let v be g(-8). Let z be ((-46)/(-6))/((-4)/v). Suppose 3*m - 61 - z = 0. What are the prime factors of m?
2, 7
Let u(p) = p**3 - 8*p**2 + 11*p - 8. Let r be u(7). Let n = r + -23. What are the prime factors of 55 + ((-48)/(-4))/n?
3, 17
Suppose 20 = 19*z + 134. Let f(x) = 9*x**2 + 3*x - 18. What are the prime factors of f(z)?
2, 3
Suppose 145 = h - 4*j - 183, 991 = 3*h - 5*j. Suppose -5*y - 37 + h = 0. List the prime factors of y.
59
Suppose 104 + 36 = 7*i. Suppose -78 = -c + 4*f, -4*f = -2*c + i + 144. List the prime factors of c.
2, 43
Let c = -67 - -69. Suppose 2*i - 104 = -c*p, 6*p = 4*i + 3*p - 222. What are the prime factors of i?
2, 3
Let t(c) = c**2 + 5*c + 17. Let g be t(-9). Let s = g + -36. What are the prime factors of s?
17
Suppose 2*s = -3*d + 305, 3*s - 2*s - 301 = -3*d. Suppose -2*p - 1 - d = 0. Let b = 2 - p. List the prime factors of b.
2, 13
Let q be (8/(-18))/((-4)/18). Suppose 0 = -2*h - h. Let y = q + h. List the prime factors of y.
2
Let c(w) = -w**3 - 10*w**2 - 3*w - 2. Let s be c(-10). Let v be (10 - 7)*(-1 + 75/9). Let h = s - v. What are the prime factors of h?
2, 3
Let g = -46 + 75. Suppose -4*k - g = -5*c, -2*c - 5*k = -2*k - 7. Suppose 3*w - 6 = 0, -c*s + s + 140 = 2*w. What are the prime factors of s?
2, 17
Let k be (-635 - -1)*(5 + -2). What are the prime factors of k*(-7)/14*2/6?
317
Suppose i + i = -c + 8, 0 = -2*i - 5*c + 24. Suppose i*b + b + 3 = 0. List the prime factors of 3*b*(-18 + 9).
3
Let q(p) = 2*p**3 - 16*p**2 + 8*p - 26. List the prime factors of q(11).
2, 197
Let m(j) = -52*j + 64. List the prime factors of m(-6).
2, 47
Let x = -642 + 3748. List the prime factors of x.
2, 1553
Let k(r) = r**3 - r**2 + 63. Let l(m) = -m + 3. Let w be l(3). List the prime factors of k(w).
3, 7
Suppose h - 114 = -2*x - h, 3*h + 189 = 3*x. Suppose 0*n - n + 25 = -2*a, -x = -5*n - 3*a. What are the prime factors of 90/4*12/n?
2, 3
Suppose 4*n - 9 = -1. Suppose -5*l + 37 = 5*r - 333, r - 77 = -n*l. Suppose -7*h - 3*o + r = -3*h, -86 = -4*h + 2*o. List the prime factors of h.
2, 5
Suppose 2*c + 2 = 3*c. Suppose y - 3 = -c*y, -3*t = 2*y - 14. List the prime factors of t.
2
Let d be -2 + (-5)/(-1) + 1 + 0. Suppose 0*t + 201 = d*q + t, -t = -q + 54. What are the prime factors of q?
3, 17
Let r be 8/(-28) - (-116)/14. Suppose -2*v - 4*i + 8 + 4 = 0, 0 = 2*v + 2*i - r. Suppose -f + 110 = v*p, 5*p - 4*f = 337 - 75. List the prime factors of p.
2, 3
Let i(f) = 49*f**2 + 2*f + 1. Let j be i(-1). Let q = j - 37. List the prime factors of q.
11
Suppose 517 = 3*w + 5*r, 5*w + 5*r - 435 - 420 = 0. List the prime factors of w.
13
List the prime factors of 5/(-13 + 14) + 2455.
2, 3, 5, 41
Let z be (-1)/7 + 256/28. Suppose 3*r - 144 = -s + 5*s, 3*s = z. List the prime factors of r.
2, 13
Let g = 2125 - 1306. List the prime factors of g.
3, 7, 13
Let f(s) be the third derivative of -s**4/4 + 5*s**3/2 - 5*s**2. What are the prime factors of f(-5)?
3, 5
Let g = 4 - 0. Let n be 6/1*g/12. Suppose v + 11 = n*v. List the prime factors of v.
11
Suppose -f = 5*h - 15522, f = -5*h - 2*f + 15516. List the prime factors of h.
3, 5, 23
Suppose 2*c + 2975 = 7*c. Suppose 3*i - 569 = c. List the prime factors of i/14 + (-8)/(-28).
2, 7
Suppose 2*i - 159 = 11. Suppose 0 = 5*t + i - 15. Let m = t + 33. List the prime factors of m.
19
Suppose 125*l - 34960 = 105*l. What are the prime factors of l?
2, 19, 23
Let s = -122 + 231. Suppose -s = -z - 3*t + 4*t, 3*z - 327 = -t. What are the prime factors of z?
109
Suppose 5*d = -8*q + 12*q - 12567, 2*d = -2*q + 6270. What are the prime fact